{"id":28,"date":"2023-12-15T20:47:43","date_gmt":"2023-12-15T20:47:43","guid":{"rendered":"https:\/\/sorveteriaboneca.com.br\/?page_id=28"},"modified":"2025-09-01T18:42:16","modified_gmt":"2025-09-01T18:42:16","slug":"tabela-de-precos","status":"publish","type":"page","link":"https:\/\/sorveteriaboneca.com.br\/index.php\/tabela-de-precos\/","title":{"rendered":"Tabela de Pre\u00e7os"},"content":{"rendered":"\n<figure class=\"wp-block-table\"><table><tbody><tr><td class=\"has-text-align-center\" data-align=\"center\"><strong>ITEM<\/strong><\/td><td class=\"has-text-align-center\" data-align=\"center\"><strong>QUANTIDADE  M\u00cdNIMA (ATACADO<\/strong><\/td><td><strong>PRE\u00c7O ATACADO<\/strong><\/td><td><strong>PRE\u00c7O VAREJO<\/strong><\/td><\/tr><tr><td class=\"has-text-align-center\" data-align=\"center\">Sundae (180 gramas)<\/td><td class=\"has-text-align-center\" data-align=\"center\">20 Unidades<\/td><td>R$ 3,60<\/td><td>R$ 6,00<\/td><\/tr><tr><td class=\"has-text-align-center\" data-align=\"center\">Picol\u00e9<br><br><strong>Picol\u00e9 de Aca\u00ed<\/strong><br><br>Picol\u00e9 de Cobertura<\/td><td class=\"has-text-align-center\" data-align=\"center\">30 Unidades<br><br><strong>20 unidades<\/strong><br><br>20 Unidades<\/td><td>R$ 1,50<br><br><strong>R$ 1,70<\/strong><br><br>R$ 2,00<\/td><td>R$ 2,50<br><br><strong>R$ 3,50<\/strong><br><br>R$ 3,50<\/td><\/tr><tr><td class=\"has-text-align-center\" data-align=\"center\">Copo A\u00e7a\u00ed 120 ml<\/td><td class=\"has-text-align-center\" data-align=\"center\"><strong>20 Unidades A\u00e7a\u00ed<\/strong><\/td><td><strong>R$ 2,20<\/strong><\/td><td><strong>R$ 4,00<\/strong><\/td><\/tr><tr><td class=\"has-text-align-center\" data-align=\"center\">Sorvete Copo 120 ml<\/td><td class=\"has-text-align-center\" data-align=\"center\">20 Unidades<\/td><td>R$ 2,00<\/td><td>R$ 3,50<\/td><\/tr><tr><td class=\"has-text-align-center\" data-align=\"center\">Sorverte Copo 250 ml<br>Peso (110 g)<\/td><td class=\"has-text-align-center\" data-align=\"center\">15 Unidades<br><\/td><td>R$ 3,60<\/td><td>R$ 6,00<\/td><\/tr><tr><td class=\"has-text-align-center\" data-align=\"center\">Sorvete Copo 500 ml<br>Peso (220 g)<\/td><td class=\"has-text-align-center\" data-align=\"center\">10 Unidades<\/td><td>R$ 5,20<\/td><td>R$ 8,00<\/td><\/tr><tr><td class=\"has-text-align-center\" data-align=\"center\">Pote de Sorvete 2 Litros<br><br><strong>Pote de 2 Litros de A\u00e7a\u00ed<\/strong><br><br>Pote de Sorvete 5 Litros<br><br><strong>Pote de 5 Litros de A\u00e7a\u00cd<\/strong><\/td><td class=\"has-text-align-center\" data-align=\"center\">               &#8212;&#8212;-<\/td><td>R$ 25,00<br><br><strong>R$ 35,00<\/strong><br><br>R$ 55,00<br><br><strong>R$ 60,00<\/strong><\/td><td><\/td><\/tr><tr><td class=\"has-text-align-center\" data-align=\"center\">Pote de Sorvete 10 Litros<br><br><strong>Pote de 10 Litros de A\u00e7a\u00ed<\/strong><\/td><td class=\"has-text-align-center\" data-align=\"center\">          &#8212;&#8212;&#8211;<\/td><td>R$ 90,00<br><br><strong>R$ 110,00<\/strong><\/td><td><\/td><\/tr><\/tbody><\/table><\/figure>\n","protected":false},"excerpt":{"rendered":"<p>ITEM QUANTIDADE M\u00cdNIMA (ATACADO PRE\u00c7O ATACADO PRE\u00c7O VAREJO Sundae (180 gramas) 20 Unidades R$ 3,60 R$ 6,00 Picol\u00e9 Picol\u00e9 de Aca\u00ed Picol\u00e9 de Cobertura 30 Unidades 20 unidades 20 Unidades R$ 1,50 R$ 1,70 R$ 2,00 R$ 2,50 R$ 3,50 R$ 3,50 Copo A\u00e7a\u00ed 120 ml 20 Unidades A\u00e7a\u00ed R$ 2,20 R$ 4,00 Sorvete Copo [&hellip;]<\/p>\n","protected":false},"author":1,"featured_media":0,"parent":0,"menu_order":0,"comment_status":"closed","ping_status":"closed","template":"","meta":{"footnotes":""},"_links":{"self":[{"href":"https:\/\/sorveteriaboneca.com.br\/index.php\/wp-json\/wp\/v2\/pages\/28"}],"collection":[{"href":"https:\/\/sorveteriaboneca.com.br\/index.php\/wp-json\/wp\/v2\/pages"}],"about":[{"href":"https:\/\/sorveteriaboneca.com.br\/index.php\/wp-json\/wp\/v2\/types\/page"}],"author":[{"embeddable":true,"href":"https:\/\/sorveteriaboneca.com.br\/index.php\/wp-json\/wp\/v2\/users\/1"}],"replies":[{"embeddable":true,"href":"https:\/\/sorveteriaboneca.com.br\/index.php\/wp-json\/wp\/v2\/comments?post=28"}],"version-history":[{"count":9,"href":"https:\/\/sorveteriaboneca.com.br\/index.php\/wp-json\/wp\/v2\/pages\/28\/revisions"}],"predecessor-version":[{"id":45,"href":"https:\/\/sorveteriaboneca.com.br\/index.php\/wp-json\/wp\/v2\/pages\/28\/revisions\/45"}],"wp:attachment":[{"href":"https:\/\/sorveteriaboneca.com.br\/index.php\/wp-json\/wp\/v2\/media?parent=28"}],"curies":[{"name":"wp","href":"https:\/\/api.w.org\/{rel}","templated":true}]}}